 - 2965. Determine t(-242).
-1029
Let x(k) = 2*k**3 - 389*k**2 - 75*k - 23385. Determine x(195).
15
Let b(f) = -21*f**3 + 5*f**2 - 10*f - 87. Give b(-4).
1377
Let t(n) = 6823*n + 3486561. Determine t(-511).
8
Let h(s) = -3*s**2 + 8*s + 105. Determine h(11).
-170
Let g(t) = t**3 - 50*t**2 + 38*t - 258. What is g(49)?
-797
Let m(i) = -141602*i + 1982434. Determine m(14).
6
Let z(b) = 5*b**2 - 157*b - 233. Determine z(29).
-581
Let l(w) = -118*w**2 + 971*w - 190. Calculate l(8).
26
Let y(r) = 28*r**3 - 117*r**2 + 8*r - 20. Determine y(4).
-68
Let v(o) = 2*o**2 + 2029*o - 2030. What is v(1)?
1
Let l(u) = -4826*u + 10238. Give l(3).
-4240
Let j(m) = -1099*m - 180418. Determine j(-164).
-182
Let y(t) = 13*t**2 - 215*t - 2113. Give y(-9).
875
Let u(a) = 24960*a + 174557. Calculate u(-7).
-163
Let h(w) = -2*w**3 + 139*w**2 + 5*w + 909. What is h(0)?
909
Let a(u) = -1827*u + 8639. What is a(6)?
-2323
Let i(t) = -68*t**3 + 4826*t**2 + 563*t - 29885. Give i(71).
6
Let n(x) = 3925*x + 580915. Give n(-148).
15
Let i(k) = 13238*k + 90702. Give i(-7).
-1964
Let o(j) = -47*j**3 + 2204*j**2 + 233*j - 97. What is o(47)?
-191
Let u(o) = -o**3 + 76*o**2 - 99*o + 1931. Determine u(75).
131
Let l(u) = 30262*u - 364298. What is l(12)?
-1154
Let z(j) = -11*j**3 + 25*j**2 - 227*j + 445. Give z(2).
3
Let t(c) = 34*c**3 + 983*c**2 + 135*c + 6439. Calculate t(-29).
1
Let g(m) = 139*m**2 - 2805*m + 491. Calculate g(20).
-9
Let v(b) = 4*b**3 - 490*b**2 - 239*b - 678. Calculate v(123).
183
Let u(z) = -13418*z - 12977. Give u(-1).
441
Let k(z) = -z**3 + 6958*z**2 + 315145*z + 434. Give k(-45).
-16
Let z(w) = -7*w**2 - 898*w + 5352. Give z(-134).
-8
Let d(f) = -128*f + 31752. Determine d(249).
-120
Let n(x) = 2*x**3 - 58*x**2 + 316*x - 13. What is n(6)?
227
Let i(z) = -2950*z - 129796. Determine i(-44).
4
Let j(k) = -k**3 - 177*k**2 + 315*k - 7691. Determine j(-179).
6
Let q(h) = h**3 - 10*h**2 - 139*h + 390. Determine q(16).
-298
Let n(a) = -17*a**2 - 5570*a - 25506. Give n(-323).
11
Let f(p) = -350*p - 28719. What is f(-82)?
-19
Let k(b) = -2*b**3 + 84*b**2 - 194*b - 1830. What is k(39)?
-270
Let o(g) = 930*g + 16300. Give o(-18).
-440
Let r(t) = -13*t**3 - 1685*t**2 + 650*t + 28. Calculate r(-130).
28
Let v(g) = 567*g - 2254. What is v(4)?
14
Let q(g) = 737*g - 10089. Determine q(14).
229
Let c(a) = -2000*a + 14619. What is c(7)?
619
Let w(a) = a**3 + 189*a**2 + 6764*a - 756. Determine w(-141).
-192
Let z(s) = 2*s**3 + 618*s**2 + 2010*s + 53238. Calculate z(-306).
-6
Let h(c) = c**2 + 1083*c - 26556. Give h(24).
12
Let s(a) = -11*a**2 + 5502*a - 54846. Determine s(490).
34
Let o(m) = -8*m**2 + 562*m - 2135. Calculate o(4).
-15
Let q(f) = 249*f**2 + 9955*f - 174. Determine q(-40).
26
Let m(n) = 3*n**2 - 487*n + 7409. Determine m(145).
-131
Let q(f) = -f**2 - 14*f + 295. Calculate q(-26).
-17
Let t(u) = -2*u**3 + 64*u**2 + 12*u - 1545. Determine t(31).
749
Let x(h) = h**3 - 28*h**2 + 100*h + 662. What is x(15)?
-763
Let f(q) = 520*q + 16115. What is f(-32)?
-525
Let j(p) = -2*p**2 - 379*p + 164755. Calculate j(-397).
0
Let k(a) = 6001*a + 83102. What is k(-14)?
-912
Let u(m) = -3*m**3 - 11*m**2 - 28431*m - 113624. Calculate u(-4).
116
Let s(j) = j**2 + 146535*j + 1904755. Calculate s(-13).
-31
Let s(n) = 116730*n - 5719774. What is s(49)?
-4
Let o(g) = 8*g**2 + 1760*g + 1758. Calculate o(-1).
6
Let b(k) = 386920*k - 2321381. What is b(6)?
139
Let y(a) = 6*a + 1596. Calculate y(-50).
1296
Let p(z) = -1008*z**2 - 39313*z + 26. Calculate p(-39).
65
Let p(h) = -251*h**2 - 5767*h - 13. Give p(-23).
-151
Let z(w) = 32*w**3 - w**2 + 57*w + 103. Give z(-2).
-271
Let v(w) = w**3 + 223*w**2 - 2093*w - 425. Determine v(-232).
735
Let y(z) = 1477*z - 14511. Give y(10).
259
Let u(i) = i**3 - 8*i**2 + 834*i + 1409. Calculate u(0).
1409
Let c(w) = -13*w**2 - 54*w - 85. What is c(-9)?
-652
Let d(v) = -7*v**3 + 298*v**2 + 140*v - 293. Calculate d(43).
180
Let f(j) = -61*j**2 + 2953*j - 2946. Calculate f(1).
-54
Let b(t) = 3364*t - 26391. Give b(8).
521
Let m(a) = 48*a**2 + 959*a - 23. Give m(-17).
-2454
Let o(x) = -4*x**2 - 16887*x + 169360. Calculate o(10).
90
Let o(n) = 593*n + 67934. Calculate o(-115).
-261
Let u(i) = -2171*i + 138908. What is u(64)?
-36
Let l(y) = -678*y + 2525. What is l(4)?
-187
Let b(s) = s**2 - 425*s - 2574. Determine b(-6).
12
Let r(h) = 43106*h + 1767337. Give r(-41).
-9
Let k(t) = 3896*t - 3989. Calculate k(1).
-93
Let d(k) = 51530*k - 1133655. Give d(22).
5
Let f(h) = h**2 + 75*h + 1228. What is f(-45)?
-122
Let t(s) = s**2 - 80*s + 1966. Calculate t(56).
622
Let b(k) = -55552*k - 55565. Calculate b(-1).
-13
Let h(i) = -54*i**2 + 74*i + 400. Calculate h(9).
-3308
Let p(c) = c**2 + 18*c - 2119. Calculate p(-56).
9
Let b(n) = 643*n - 8317. Determine b(13).
42
Let a(r) = 3*r**3 + 185*r**2 + 1339*r - 2083. Give a(-53).
-16
Let k(u) = 25226*u + 126148. Determine k(-5).
18
Let p(w) = -w**3 + 1628*w**2 - 28984*w + 53. Give p(18).
-19
Let o(s) = -32883*s - 493040. Calculate o(-15).
205
Let r(x) = 5219*x + 146115. Determine r(-28).
-17
Let d(o) = 557*o + 1579. What is d(-4)?
-649
Let c(m) = m**2 - 644*m - 1936. Determine c(-3).
5
Let l(o) = 104*o + 1519. What is l(-3)?
1207
Let i(c) = -40280*c - 120829. Give i(-3).
11
Let s(j) = j**2 + 5*j - 937. Give s(19).
-481
Let h(k) = -k**3 - 100*k**2 + 1335*k + 12640. Calculate h(-111).
-14
Let a(p) = -590*p + 1711. Determine a(3).
-59
Let h(g) = 3257*g**2 - 6070*g - 892. Determine h(2).
-4
Let p(f) = 29801*f + 30100. Calculate p(-1).
299
Let a(i) = -i**3 + 22*i**2 + 71*i - 1935. Calculate a(21).
-3
Let p(h) = 6897*h - 130133. Give p(19).
910
Let p(d) = 63*d + 3941. What is p(-60)?
161
Let m(r) = 576*r**3 + 77182*r**2 - 270*r - 298. Calculate m(-134).
-30
Let r(f) = -f**3 - 217*f**2 - 1477*f - 1468. Give r(-210).
2
Let c(w) = 12176*w + 876673. Determine c(-72).
1
Let y(w) = 48*w**2 - 730*w - 94. Determine y(15).
-244
Let f(i) = -i**2 - 894*i + 12700. Calculate f(14).
-12
Let z(m) = -2*m**2 - 181*m - 3225. What is z(-68)?
-165
Let t(b) = -33*b**2 - 347*b - 417. Give t(-9).
33
Let s(i) = -i**2 + 1410*i - 23773. Calculate s(17).
-92
Let r(a) = a**3 - 21*a**2 + 83*a + 177. Determine r(14).
-33
Let i(z) = -723*z**2 + 7264*z - 139. Determine i(10).
201
Let o(u) = 10413*u - 1166261. Calculate o(112).
-5
Let k(c) = -1846*c + 8807. Determine k(5).
-423
Let a(v) = -1432*v - 15829. Give a(-11).
-77
Let t(f) = 72*f**3 - 2*f**2 + 6*f + 15. What is t(-2)?
-581
Let y(d) = -d**3 + 262*d**2 - 5732*d + 495. Give y(24).
15
Let x(h) = h**2 + 903*h + 121685. What is x(-165)?
-85
Let s(t) = t**3 + 2133*t**2 - 12803*t + 65. What is s(6)?
251
Let r(n) = -828*n + 41707. What is r(50)?
307
Let m(o) = -9*o**3 + 222*o**2 - 1107*o + 484. Calculate m(18).
-2
Let a(q) = 114*q - 2815. What is a(24)?
-79
Let a(l) = -l**3 + 29*l**2 - 232*l + 7645. Calculate a(30).
-215
Let g(f) = 30861*f + 339501. Calculate g(-11).
30
Let f(i) = -2*i**2 - 446*i + 166721. Give f(198).
5
Let i(t) = 134*t - 15641. Determine i(119).
305
Let v(c) = -10*c**3 - 533*c**2 - 6902*c - 351. Calculate v(-22).
1
Let r(j) = -445113*j - 445111. Determine r(-1).
2
Let r(q) = 50*q**2 - 251*q + 177. What is r(3)?
-126
Let d(a) = -69*a**2 + 1281*a + 2561. Give d(-2).
-277
Let s(i) = 409*i + 11777. Determine s(-28).
325
Let g(k) = -2806*k - 39299. What is g(-14)?
-15
Let j(w) = 7*w**3 + 11*w**2 + 11*w + 100. What is j(-7)?
-1839
Let r(x) = -1736*x + 1630096. Determine r(939).
-8
Let d(m) = -2299*m + 59776. Determine d(26).
2
Let i(t) = -2090*t + 151303. Determine i(73).
-1267
Let d(q) = q**2 + 225*q + 8975. Give d(-173).
-21
Let i(h) = 69*h**3 - 3106*h**2 - 631*h + 30421. Calculate i(45).
1
Let d(n) = 68*n**3 + 230*n**2 + 54*n - 15. Calculate d(-3).
57
Let y(m) = 68587*m - 3978054. Determine y(58).
-8
Let q(c) = -2*c**2 - 2619*c - 157051. What is q(-63)?
8
Let i(j) = -13*j**2 - 1161*j + 28538. Calculate i(24).
-6814
Let a(v) = v**2 - 271*v - 14839. Calculate a(318).
107
Let h(a) = 34644*a - 103440. Calculate h(3).
492
Let n(w) = -5468*w - 7100. Calculate n(-2).
3836
Let s(x) = -467*x + 1107. Give s(-6).
3909
Let k(s) = -47*s**3 - 2631*s**2 + 78*s + 1241. Determine k(-56).
9
Let w(y) = 7325*y - 2571092. Give w(351).
-17
Let x(o) = 17*o**2 - 1321*o + 5454. Calculate x(73).
-386
Let i(u) = u**3 + 41*